i = -5*p - d + 489. Suppose 0*v - 4*v - p = -5*t, -t - v = -14. What is the tens digit of t?
1
Let t = -141 + 247. What is the tens digit of t?
0
Let c(y) = -y**3 - 8*y**2 - 2*y + 1. Let b be 6/((-5)/(-4) - 2). Let q be c(b). Suppose -2 = v - q. What is the tens digit of v?
1
Let y = 10 - 13. Let r(l) = l**2 + 2*l - 3. Let j be r(y). Suppose j = -3*v + 15 + 30. What is the tens digit of v?
1
Suppose -12*a + 208 = -212. What is the units digit of a?
5
Let v(j) = 7*j - 2. What is the tens digit of v(5)?
3
Let m(o) = 2*o - 1. Let g be m(2). Suppose -x + 15 = -5*r, x + 0*r - 15 = g*r. Suppose 4*c - x = c. What is the units digit of c?
5
Suppose s - 2 = 1. Let w(d) = 2*d**3 - 2*d**s + d**3. What is the units digit of w(1)?
1
Let o(b) = -23*b - 11. What is the hundreds digit of o(-8)?
1
Let o be (3/6)/((-2)/(-28)). Suppose 0 = -4*r - 5*p, 3*r - 4*p + o = -24. Let c(s) = -s + 1. What is the units digit of c(r)?
6
Let w be (-15)/10*(-8)/6. Suppose -w*d - 2*d = -20. What is the units digit of d?
5
Let n(j) = j**3 - 3*j**2 + 5*j - 1. What is the units digit of n(5)?
4
Suppose 3*z - 14 = 2*g, 4*g = 2*z - 0 - 4. Let o = z - 4. Suppose -6*s = -o*s - 28. What is the units digit of s?
7
Suppose 112 = -5*x - 4*s, 2*x - s + 59 - 9 = 0. What is the units digit of -3 - (-2 + x - 3)?
6
Suppose s + 32 = -3*s. Let k = 24 + s. Suppose -44 - k = -5*h. What is the tens digit of h?
1
Suppose i - t - 4 = -2, 0 = 4*t. Let y = i + 17. What is the units digit of y?
9
What is the units digit of (-14)/(-10) - 1 - (-438)/5?
8
What is the units digit of (-5)/3*(1 + -4)?
5
Let m = -159 - -217. What is the tens digit of m?
5
Let x = 56 - 79. Let q = x - -53. What is the tens digit of q?
3
Let i = 239 + -159. What is the tens digit of i?
8
Let m(l) = -l**3 - 8*l**2 + 10*l + 12. Let y be m(-9). Suppose 8 = 4*k - 8*k. Let o = y + k. What is the units digit of o?
1
Let r(l) be the second derivative of l**5/20 + 7*l**4/12 - 3*l**3/2 + l**2 - 8*l. Suppose x - 3*v + 3 = -5, 8 = -x + 4*v. What is the tens digit of r(x)?
1
Let k be 4/(-12)*3 - -6. Suppose 5*q = -z - 20, -q = 5*z + 3*q + 16. Let r = z + k. What is the units digit of r?
5
Let v(l) = -l**3 + 6*l**2 + 6*l + 9. Let d be v(7). What is the units digit of 2 - (-1 - -4 - d)?
1
Let z = 64 - 94. What is the units digit of (11/(-33))/(1/z)?
0
Let r be (-3 - -1 - -13)*1. Suppose r = 3*c - 2*c. What is the tens digit of c?
1
Let m = 3 - -1. Let t(h) = -h**3 + 4*h**2 - h + 4. Let f be t(m). Suppose f = 3*l - 6*l + 45. What is the tens digit of l?
1
Suppose 0 = -10*d + 6*d + 8. Suppose -5*t - 9 = -4*t + 3*m, 0 = 2*t - 2*m - 22. What is the units digit of d/t + (-26)/(-3)?
9
Suppose -n - 29 = 2*w, -2*w - 2 = 8. What is the units digit of (n + -1)*(-2)/5?
8
Let z(r) = -r + 4. Let j(g) = -6*g - 2*g**2 + g**2 - 4 + 5*g - 2*g. Let m be j(-3). What is the units digit of z(m)?
8
Let m(a) = 2*a**2 - 2*a - 1. Let i be m(-1). Let w be -4*i/(-6) + 2. Let f(r) = -r**3 + 3*r**2 + 4*r + 3. What is the units digit of f(w)?
3
Let i(l) = 2*l - 4. Suppose 0 = 4*h + 4*y, -4*y - 9 = -0*h + h. What is the units digit of i(h)?
2
Suppose m = -3*q + 5, 3*q - 3 + 1 = -4*m. Suppose 3*k = -0*f - 3*f + 24, -q*k = 5*f - 55. What is the units digit of f?
3
Suppose 4*z - 3*z + 2 = c, -5*c = 3*z - 10. Suppose -2*s + 12 = -z*s. What is the units digit of s?
6
Let l = -4 + 43. What is the tens digit of l?
3
Suppose -2*g = -70 - 20. What is the tens digit of g?
4
Suppose -b + 15 = -8. Suppose 0 = 3*u - 4*l - 89 - b, 5*u = -l + 179. What is the tens digit of u?
3
Let p(q) = q**3 + 6*q**2 - 3*q. What is the tens digit of p(-3)?
3
Let q(g) = -g**3 - 9*g**2 - 4*g - 7. Let k be q(-8). What is the tens digit of (-2)/((30/k)/5)?
1
Let w(y) = y**2 + 4*y - 6. Suppose -5*f + o - 34 = 0, 2*f + o + 3 = -5. What is the units digit of w(f)?
6
Let j(c) be the third derivative of -c**6/120 - c**5/60 - 2*c**2. What is the tens digit of j(-3)?
1
Suppose 5*j = 4*k - 167, -3*k = -j - 4*j - 124. Suppose 5*a + 2*m = k + 93, -138 = -5*a - m. What is the tens digit of a?
2
Suppose 4*c - d = 99, 5*d - 33 = -c - c. Let f be ((-6)/(-4))/(2/c). Suppose -l + 2 + f = 0. What is the units digit of l?
0
Suppose v + 26 = -4*y + 5*y, 2*v = y - 27. Suppose -27 = -4*d + y. What is the units digit of d?
3
Suppose -k - 4*u = -126, -2*u + 399 = 4*k - 7*u. What is the hundreds digit of k?
1
What is the tens digit of 4/16*6*34?
5
Let o = -24 - -52. What is the units digit of o?
8
Suppose -5*d - 39 = -2*q, 0 = -3*d + d - 10. Suppose -2*s = -5*h - 37, 42 = s + 3*h + q. What is the tens digit of s?
2
Let b be 18/4 - (-6)/4. Let y be 2/b - 98/(-21). Let q = -2 + y. What is the units digit of q?
3
Let r(g) = 10*g**2 + g + 1. What is the units digit of r(2)?
3
Suppose -2 = k, -2*z + 326 = -0*z + 3*k. What is the hundreds digit of z?
1
What is the tens digit of 3*(-236)/3*(-1)/4?
5
Suppose 0 = -5*n + 2*l + l + 33, 0 = -4*n - l + 40. Suppose -3*q + n = -21. What is the tens digit of q?
1
What is the tens digit of (-2)/6 + 206/6?
3
Suppose -5*k = r - 148, 5*r + 4*k - 689 = 30. What is the tens digit of r?
4
Let d(o) = 7*o + 6. Let i(f) = -6*f - 5. Let s(q) = -5*d(q) - 6*i(q). Let u be s(2). Suppose k - 5*v - 11 = 15, 3*v = -u*k. What is the units digit of k?
6
Suppose 2*s + 0*s = 0. Let c = 4 - s. What is the units digit of c?
4
Let f(h) = 27*h**3 - h + 2. What is the units digit of f(1)?
8
Let v be (-1)/((12/(-9))/4). Let c = 5 - v. What is the units digit of c?
2
Let h = 4 + -3. Suppose -h - 1 = -r. Suppose 3*u + 12 = 0, -r*m - u = -3*m + 5. What is the units digit of m?
1
Suppose -i = -s + i + 108, 0 = 5*s - 2*i - 540. What is the hundreds digit of s?
1
Let v = -14 - -23. Suppose 0 = 5*g - v*g. Suppose 0*s - 2*t = -2*s + 10, g = -s + 4*t + 11. What is the units digit of s?
3
Let g be -1*4*(2 + 0). What is the tens digit of ((-11)/2)/(4/g)?
1
Let x(j) = -j - 1. What is the units digit of x(-5)?
4
Suppose d + p = -5, 3*d - 5*p - 4 + 3 = 0. Let f = 1 - d. What is the units digit of ((-6)/f)/(9/(-24))?
4
Let v(k) = 5*k - 6. What is the tens digit of v(4)?
1
Suppose 0 = -2*y + 10 - 2. Suppose y*k - a - 44 = 0, 2 = 2*k + 3*a - 20. What is the tens digit of k?
1
Let r(j) = 5*j - 13*j + 4*j + j**3. What is the tens digit of r(3)?
1
Let t(s) = 2*s - 9. Let v be t(6). Let o be v/(-9) - (-34)/(-6). Let u = 14 + o. What is the units digit of u?
8
Let k = -67 + 139. What is the units digit of k?
2
Let t(s) = s**2 - 2*s. Suppose h = -0*h + 5. Suppose -h*r = -r + 8. What is the units digit of t(r)?
8
Let o(n) = 11*n + 1. What is the tens digit of o(7)?
7
Suppose 43 = -9*c + 889. What is the tens digit of c?
9
Suppose 0 = -3*i - 2*g + g + 232, 3*i - 242 = g. What is the tens digit of i?
7
Let d(w) = w**3 + 2*w**2. Let f be d(-1). Let h be (0 - f) + -13 + 1. Let x = -7 - h. What is the units digit of x?
6
What is the tens digit of 25 - -7 - (5 - 2)?
2
Suppose 4*r + 1 + 3 = 0. What is the units digit of -1 - r - (-4 - 2)?
6
Suppose -2*n = -n - a - 1, -4*n - 4*a + 28 = 0. What is the units digit of n?
4
Let q(m) = 2*m**3 + 1. Suppose 2*w + 0 = 2. Let h be q(w). Suppose 3*l - h*x - 1 = 4*l, -4*l + 12 = -4*x. What is the units digit of l?
2
Let o = -2 + 6. Suppose -o*q + 6 + 14 = 0. Suppose 0 = q*g - 2*g - 15. What is the units digit of g?
5
Suppose r - 2 - 1 = 0. What is the units digit of 40 - (r/1 + -1)?
8
Let f(v) = -v**3 + 13*v**2 - 12*v - 1. Let z be f(12). Suppose -5*k + 3*c = -c - 70, -2*c = 0. What is the tens digit of -2 - z - k*-1?
1
Suppose 0 = -0*o - 5*o + 1540. What is the units digit of o?
8
Let q(m) = -m + 16. Let j be q(11). Suppose 20 = j*o + 3*k, 5*k - 6*k - 5 = 0. What is the units digit of o?
7
Let s be -1*(13 - 1)/(-4). Suppose 4 = s*w - w. What is the units digit of w?
2
Suppose 20 = 3*q + 2*q. Let c = -1 - 1. Let h = q - c. What is the units digit of h?
6
Suppose 5*b - 3*q = b - 3, -10 = -2*q. What is the units digit of b/(2 - (-13)/(-7))?
1
Let k(t) be the second derivative of t**3 - 3*t**2 + t. Let q be k(6). Let j = q - 21. What is the units digit of j?
9
Let u(d) = 7*d - 10. Let y be u(7). What is the units digit of y/9 + 1/(-3)?
4
Let r(x) = -4*x - 3. Let v be r(-10). Let b = v + 20. What is the units digit of b?
7
Let o(w) = -5*w - 1. Let n be o(-3). Let x = 29 - n. What is the tens digit of x?
1
Suppos